. Let f be k(21). Suppose -f = -5*p + 375. Is p composite?
False
Suppose 0 = -2*z + 3*g - 7, 3*z = -2*g - 21 - 22. Let b(a) be the first derivative of -8*a**2 - 15*a - 2. Is b(z) a prime number?
False
Let x = 25684 - 14087. Is x prime?
True
Let h(s) = 5956*s**2 + 12*s + 9. Is h(-1) a composite number?
False
Let j(l) = l**3 - 23*l**2 - 32*l + 23. Is j(26) composite?
True
Suppose -94*o + 96*o - 26542 = 0. Is o composite?
True
Let y(l) = 403*l**2 + 10*l - 1. Is y(4) composite?
True
Suppose n = 3*t - 19674, -3*n = 5*t - n - 32801. Is t prime?
False
Let n(x) = 7*x**2 - 111*x + 383. Is n(-51) prime?
True
Suppose 0 = o - 5*g + 623, -g = 2*o + 3*g + 1316. Is (5 - o)*(-2)/(-2) a composite number?
False
Suppose 7*a - 8 = 4*a - 2*b, 2*b = -5*a + 8. Suppose a*z + 3*z - 12 = 0. Suppose 0 = -z*y + 783 + 437. Is y a composite number?
True
Suppose -128*s = 11*s - 1616431. Is s a prime number?
False
Suppose -b + 8 = 4*g + 2, 0 = g - 1. Let q be b*(-5)/(5/(-3)). Let w(a) = 16*a**2 + 5. Is w(q) composite?
True
Let f(u) = 6545*u + 99. Is f(4) a composite number?
True
Is 7382/(-4)*13/(-26)*4 a prime number?
True
Suppose 4*v - 12 = 12. Let q be (-9)/v - 94/(-4). Suppose -4*z + 166 = -q. Is z a composite number?
False
Let t = -33 + 35. Suppose t*o - 4*w - 846 = 0, -177 = -3*o - 2*w + 1076. Is o a composite number?
False
Let o(x) = 33*x**3 + x**2 - 7*x + 29. Is o(4) composite?
False
Suppose -q + 3*l + 17 = 0, 6*q - 3*l = q + 25. Suppose 4*y - 1519 = q*i - 5*i, -2*i = -2. Is y a composite number?
False
Let s = 7 + 3. Let c be 10/(-50) + (-28)/s. Is 13*(-4 - c - -6) composite?
True
Let a = 1796 - 685. Suppose -a - 33 = -8*y. Is y composite?
True
Let j be 18/(-42) + 3/7. Let r = -10 + j. Is (-6)/(-4) - 3875/r composite?
False
Let h(f) = -1649*f - 184. Is h(-19) prime?
True
Suppose 0 = 42*j - 16*j - 324506. Is j a composite number?
True
Let r = 27495 - 18478. Is r a prime number?
False
Suppose 4*q = -5*x + 295, -3*x + 2*q + 45 = -2*x. Let l be (-242)/x + 4/10. Let v(z) = -3*z + 1. Is v(l) a prime number?
True
Suppose 17*z - 210106 = -9*z. Is z prime?
True
Suppose -2*u - 20 = -5*f + f, 0 = 2*f + u - 14. Suppose -4 = -4*x + f*x. Is x*(-211)/4*2 a prime number?
True
Suppose -2*g = -0*g + 704. Let d = -161 - g. Is d a composite number?
False
Let r(j) = -j**3 - 5*j**2 - 6*j + 2. Let m be r(-3). Let s be m/10 - (-2)/(-10). Suppose -z + 3*f - f + 387 = s, 762 = 2*z - f. Is z a composite number?
False
Is (1 + 6/(-9))/((-19)/(-14991)) prime?
True
Let v = -68 + 77. Suppose -4*q - 1255 = -v*q. Is q prime?
True
Let i be (-2)/30*-9*-5. Is 220 + -1 + 7 + i composite?
False
Suppose 0 = 17*n - 15*n. Let x(r) = -2*r**3 - r + 283. Let b be x(n). Suppose -b = -p + 166. Is p prime?
True
Let k(s) = 251*s**3 + 3*s**2 - s + 19. Is k(4) a prime number?
True
Is 41404/(-4)*5*10/(-50) composite?
True
Let i(a) = -110*a**3 + a**2 - 2*a - 1. Suppose -2*u + 38 = -0*u. Let j be 1 - 2 - (u + -18). Is i(j) composite?
False
Let t be (-1)/(-1 - 7/((-105)/12)). Suppose -t*q + b = -5406, 3*q - 2148 = q + 4*b. Is q a prime number?
False
Let j = -293 - 108. Let i = 984 + j. Is i a prime number?
False
Suppose 0 = -5*i + 14 + 1. Suppose -3*t + 9 = i. Is (3/6)/(t/140) prime?
False
Suppose -3*n + 0*n - 4 = -4*c, 4*c - 5*n + 4 = 0. Suppose 181 = 2*l + 5*w - 92, 0 = -l - c*w + 129. Is l a prime number?
True
Suppose u + 6 = -2*u. Is u/(-16) + 30612/96 a composite number?
True
Let w(b) = b**3 - 11*b**2 + 3*b + 4. Suppose 5*l + f + 34 = 0, 3*l = -0*l + 4*f - 25. Let c(g) = g**2 + 4*g - 8. Let i be c(l). Is w(i) a composite number?
True
Let r(h) = -h**2 - h. Let g(z) = 10*z**2 - 8. Let v(s) = g(s) - 2*r(s). Let w(m) = m**2. Let b(k) = v(k) - w(k). Is b(-5) composite?
False
Let q(j) = 53*j + 22. Let g(a) be the third derivative of -3*a**4/4 - 7*a**3/6 - 5*a**2. Let f(t) = 17*g(t) + 6*q(t). Is f(6) prime?
False
Is 1122667/39 - (-56)/21 a prime number?
True
Suppose -4*m - 3*f + 41 = 0, -5*m - 3*f = -f - 46. Suppose 0 = -3*l + m*l - 475. Is l prime?
False
Suppose 3*u + 5*n - 13130 = 0, 3*u - u - 8765 = -n. Is u a prime number?
False
Suppose w = 7*w - 19194. Is w prime?
False
Let v(o) = o**2 + o - 431. Let f be v(0). Suppose -824 = 6*a + 364. Let u = a - f. Is u prime?
True
Suppose 0*g - 3*g = -4*z - 22, 5*g - 2*z = 18. Let y(x) = x**3 - x**2 + x - 4. Let i be y(g). Suppose 42 = 4*m - i*m. Is m prime?
False
Let c = 4 + -1. Suppose -2*w = -5*m + 6, 0*w - w - c = 4*m. Let v = m + 211. Is v a composite number?
False
Suppose 5*f - f = -144. Let m be -5 - -8 - f/2. Is 906/7 + (-9)/m a composite number?
True
Let v be (-15)/(90/(-12)) - 1*-2. Is (v + 475 + 0)/(1/1) composite?
False
Suppose -5*z - 2*h + 34 = 98, -5*h = 10. Let y = 10 + z. Is (19 - -1)*y/(-4) composite?
True
Suppose 16*b - 173583 - 29153 = 0. Is b composite?
False
Let y = 71 - 40. Let h = y + -29. Suppose -b = 4*i - 10, -4*b - i = -h*i - 57. Is b a prime number?
False
Let u be (-1)/((-2)/(-8) - 12175/48620). Let o = -1314 + u. Is o a composite number?
False
Let z = 8 + -2. Let s be 2146/6 + 2/z. Let f = s - -199. Is f composite?
False
Suppose -960 = -8*p + 3*p - 3*c, -3*c - 741 = -4*p. Suppose 5*v - 874 = -p. Suppose 2*m = v + 99. Is m a prime number?
False
Suppose 28*l = 22*l + 59742. Is l a composite number?
True
Let w = -58 - -34. Let c be w/(-15) + 12/30. Suppose 2*f - c*a - 172 = 0, f - 66 = -0*f + 5*a. Is f a composite number?
True
Let r be (-12)/(-8) - 45/(-2). Let n be (-1354)/(r/(-9) + 2). Is (-2)/(24/n)*-4 prime?
True
Suppose 5*h + 3*u = -0*u - 48, -56 = 3*h - 5*u. Is 6/h*(3 + -893) prime?
False
Suppose -2*f = 5 + 1, 0 = 4*r + 4*f. Suppose 4*i - c - 13791 = 0, 4*i - r*c = -5*c + 13806. Is i composite?
False
Let j be (-3)/(-9)*(-10 - -1). Is j/((-2169)/(-543) - 4) a prime number?
False
Let m(b) be the second derivative of -b**6/120 + 7*b**5/60 + b**4/24 + b**3/2 - b**2/2 + 4*b. Let g(i) be the first derivative of m(i). Is g(5) composite?
True
Let k be (1/(-3))/((-1)/1101). Let m = 677 - 662. Let o = k + m. Is o prime?
False
Let l(c) = 5*c - 2*c**3 - 7*c**2 + 0*c + 6*c**3 + 8 - 3*c**3. Let j be l(6). Suppose 4*n - 2*n = -3*k + 718, j*k = n - 345. Is n composite?
False
Suppose -2*m + 78 = -2. Suppose -2*f + m + 4 = 0. Suppose -f = -2*u + 116. Is u composite?
True
Let y(s) = s**3 - 6*s**2 + 5*s + 3. Let b be y(5). Suppose -2*u = -b*u - 96. Let n = 115 - u. Is n composite?
False
Suppose 0 = t, -2*p + 23458 = 5*t + 6936. Is p prime?
False
Let m(u) = u**2 - 9*u + 5. Let q be m(9). Suppose -4*r + 5 = -r - q*t, 0 = -4*r + t + 18. Suppose r*i = b - 259, -4*b + 4*i + 1036 = i. Is b prime?
False
Suppose -a + 36572 = -4*s + 115, 0 = -5*a + s + 182342. Is a composite?
False
Let o = 190 + 244. Suppose 3*g - o = -4*g. Is g a prime number?
False
Let f(p) = 977*p**3 + p**2 - 6*p + 9. Is f(2) composite?
False
Let r(t) = 88*t**2 - 2*t + 3. Let o = 19 - 17. Let p be r(o). Suppose f + 2*y - 4*y = p, 1733 = 5*f + y. Is f prime?
True
Let a(z) = -2 + 2*z + 2*z - 5*z - z. Let w be a(-3). Suppose 1672 = w*m - 2*o, -3*m + 1070 = -3*o - 181. Is m composite?
False
Let l(i) = 11*i + 10. Let v(t) = t**2 - t + 2. Let m be v(3). Suppose 0 = 5*b + 33 - m, 0 = -p + 2*b + 17. Is l(p) prime?
False
Suppose 0 = -44*w - 0*w + 493372. Is w a composite number?
False
Let w = 8003 + 1868. Is w composite?
False
Let c be (14/(-3))/((-15)/(-45)). Let o(a) = 2*a**2 - 4*a + 3. Let g be o(-4). Is (g/(-6))/(1/c) prime?
False
Suppose -4*d = 2*i - 1450, -2912 = -3*i - i - 2*d. Let v = i + -56. Is v a prime number?
True
Is (1 - 38756/(-9)) + (-6)/27 prime?
False
Let d(t) = t**2 - 2*t + 7. Let z(j) = j**3 - 8*j**2 + j - 8. Let m be z(8). Suppose 2*p - 5*p - 30 = m. Is d(p) a prime number?
True
Let s = -13211 - -22824. Is s a prime number?
True
Let o(m) = 22*m**2 + 2*m - 1. Let u(b) = b**3 + 6*b**2 + b + 3. Let i be u(-6). Is o(i) a composite number?
False
Let h(z) be the second derivative of -8*z**3/3 - 25*z**2/2 - 28*z. Is h(-14) prime?
True
Suppose 0 = 3*u + u. Suppose -3*w + u = 9. Is 564/w*(-6)/8 composite?
True
Let d(j) = j**3 + 8*j**2 + 7*j + 11. Let g be d(-7). Suppose -7*o = -g*o + 444. Suppose -o + 1 = -5*b. Is b prime?
False
Suppose -2*u - 2*a - 13366 = -4*u, 5*u = -a + 33391. Is u a composite number?
False
Suppose 4*q = 39 - 423. Let a = q - -64. Let l = a - -55. Is l composite?
False
Suppose -5*